{"id":790,"date":"2025-04-08T00:38:35","date_gmt":"2025-04-07T21:38:35","guid":{"rendered":"http:\/\/maun-gerontoloji-bolumu.com\/?page_id=790"},"modified":"2025-04-13T03:26:01","modified_gmt":"2025-04-13T00:26:01","slug":"yaslilikta-partnerlik","status":"publish","type":"page","link":"http:\/\/maun-gerontoloji-bolumu.com\/?page_id=790","title":{"rendered":"Ya\u015fl\u0131l\u0131kta Partnerlik"},"content":{"rendered":"\n<div class=\"wp-block-columns alignwide is-layout-flex wp-container-core-columns-is-layout-0b577f17 wp-block-columns-is-layout-flex\" style=\"padding-top:0;padding-right:0;padding-bottom:0;padding-left:0\">\n<div class=\"wp-block-column is-vertically-aligned-center is-layout-flow wp-block-column-is-layout-flow\">\n<p class=\"has-text-align-left has-accent-color has-text-color has-link-color has-small-font-size wp-elements-643b03255ba473982ecec95b62be75a4\" style=\"font-style:normal;font-weight:600;text-transform:uppercase\">Ya\u015fl\u0131 Erkek ve kad\u0131nlarda farkl\u0131 Trendler<\/p>\n\n\n\n<h2 class=\"wp-block-heading\">Uzun beraberlik, bo\u015fanma ve  yaln\u0131zl\u0131k<\/h2>\n\n\n\n<p>Ya\u015fl\u0131l\u0131kta uzun vadeli partnerliklerin incelenmesi, tarihsel olarak yeni bir olguyu temsil etmesi nedeniyle \u00f6zel bir ilgi \u00e7ekmektedir. Ortalama ya\u015fam beklentisi son 100 y\u0131lda iki kat\u0131na \u00e7\u0131karken, y\u00fcksek evlilik oranlar\u0131 ve ba\u015flang\u0131\u00e7ta ya\u015fl\u0131 nesilde nispeten d\u00fc\u015f\u00fck olan bo\u015fanma oranlar\u0131 nedeniyle ortalama evlilik s\u00fcresi de artm\u0131\u015ft\u0131r.  Ancak belirtilen geli\u015fmelerle \u00e7eli\u015fir g\u00f6r\u00fcnen bir di\u011fer e\u011filim ise, bo\u015fanma oranlar\u0131ndaki genel art\u0131\u015f\u0131n yan\u0131 s\u0131ra, uzun s\u00fcreli evliliklerin da\u011f\u0131lmas\u0131n\u0131n da ortalaman\u0131n \u00fczerinde artmas\u0131d\u0131r. Son y\u0131llarda ya\u015fl\u0131lar aras\u0131nda evlilik d\u0131\u015f\u0131 birliktelikler de giderek \u00f6nem kazanmaktad\u0131r. Bahsedilen geli\u015fmeler nedeniyle, evli olma veya birlikte ya\u015fama durumu erkekler i\u00e7in muhtemelen tipik olarak kalacak, kad\u0131nlar ise daha uzun ya\u015fam beklentisi ve bo\u015fanma sonras\u0131 yeniden evlenme olas\u0131l\u0131\u011f\u0131n\u0131n daha d\u00fc\u015f\u00fck olmas\u0131 nedeniyle \u00e7o\u011funlukla yaln\u0131z ya\u015fayacaklard\u0131r.<\/p>\n\n\n\n<p>Demografik de\u011fi\u015fikliklerin uzun vadeli partnerlikler \u00fczerindeki etkilerine ek olarak, uzun vadeli ili\u015fkilerde memnuniyet, ya\u015fl\u0131l\u0131kta uzun vadeli ili\u015fkilere \u00f6zg\u00fc zorluklar, ya\u015fl\u0131l\u0131kta partnerliklere y\u00f6nelik \u00f6nleme (prevensiyon) ve m\u00fcdahale (intervensiyon) ve ara\u015ft\u0131rmalar, bu alanla ili\u015fkili bilimsel beklentilerin oda\u011f\u0131nda yer almaktad\u0131r. Bu alanda psikolojik ve sosyolojik olmak \u00fczere farkl\u0131 perspektiflerden konu incelenmektedir. Medeni durum, refah ve sa\u011fl\u0131k aras\u0131ndaki ili\u015fkiyi inceleyen sosyolojik y\u00f6nelimli \u00e7al\u0131\u015fmalar, evlili\u011fin hem kad\u0131nlar hem de erkekler a\u00e7\u0131s\u0131ndan bir dizi avantaj\u0131na i\u015faret etmektedir. Buna kar\u015f\u0131n psikolojik odakl\u0131 ara\u015ft\u0131rmalar, evli olman\u0131n otomatik olarak koruyucu bir etkiye sahip olmad\u0131\u011f\u0131n\u0131, aksine birlikteli\u011fin kalitesinin refah ve sa\u011fl\u0131k \u00fczerinde \u00f6nemli bir rol oynad\u0131\u011f\u0131n\u0131 \u00f6ne s\u00fcr\u00fcyor (Schmitt ve Re, 2004). <\/p>\n<\/div>\n\n\n\n<div class=\"wp-block-column is-layout-flow wp-block-column-is-layout-flow\" style=\"flex-basis:40%\">\n<figure class=\"wp-block-image size-full has-custom-border is-style-default\"><img loading=\"lazy\" decoding=\"async\" width=\"640\" height=\"427\" src=\"http:\/\/maun-gerontoloji-bolumu.com\/wp-content\/uploads\/2025\/04\/rings-5624282_640.jpg\" alt=\"\" class=\"wp-image-1180\" style=\"border-radius:8px;aspect-ratio:1;object-fit:cover\" srcset=\"http:\/\/maun-gerontoloji-bolumu.com\/wp-content\/uploads\/2025\/04\/rings-5624282_640.jpg 640w, http:\/\/maun-gerontoloji-bolumu.com\/wp-content\/uploads\/2025\/04\/rings-5624282_640-300x200.jpg 300w, http:\/\/maun-gerontoloji-bolumu.com\/wp-content\/uploads\/2025\/04\/rings-5624282_640-360x240.jpg 360w\" sizes=\"auto, (max-width: 640px) 100vw, 640px\" \/><\/figure>\n<\/div>\n<\/div>\n\n\n\n<p><\/p>\n","protected":false},"excerpt":{"rendered":"<p>Ya\u015fl\u0131 Erkek ve kad\u0131nlarda farkl\u0131 Trendler Uzun beraberlik, bo\u015fanma ve yaln\u0131zl\u0131k Ya\u015fl\u0131l\u0131kta uzun vadeli partnerliklerin incelenmesi, tarihsel olarak yeni bir olguyu temsil etmesi nedeniyle \u00f6zel bir ilgi \u00e7ekmektedir. Ortalama ya\u015fam beklentisi son 100 y\u0131lda iki kat\u0131na \u00e7\u0131karken, y\u00fcksek evlilik oranlar\u0131 ve ba\u015flang\u0131\u00e7ta ya\u015fl\u0131 nesilde nispeten d\u00fc\u015f\u00fck olan bo\u015fanma oranlar\u0131 nedeniyle [&hellip;]<\/p>\n","protected":false},"author":1,"featured_media":0,"parent":0,"menu_order":0,"comment_status":"closed","ping_status":"closed","template":"","meta":{"_themeisle_gutenberg_block_has_review":false,"footnotes":""},"class_list":["post-790","page","type-page","status-publish","hentry"],"_links":{"self":[{"href":"http:\/\/maun-gerontoloji-bolumu.com\/index.php?rest_route=\/wp\/v2\/pages\/790","targetHints":{"allow":["GET"]}}],"collection":[{"href":"http:\/\/maun-gerontoloji-bolumu.com\/index.php?rest_route=\/wp\/v2\/pages"}],"about":[{"href":"http:\/\/maun-gerontoloji-bolumu.com\/index.php?rest_route=\/wp\/v2\/types\/page"}],"author":[{"embeddable":true,"href":"http:\/\/maun-gerontoloji-bolumu.com\/index.php?rest_route=\/wp\/v2\/users\/1"}],"replies":[{"embeddable":true,"href":"http:\/\/maun-gerontoloji-bolumu.com\/index.php?rest_route=%2Fwp%2Fv2%2Fcomments&post=790"}],"version-history":[{"count":10,"href":"http:\/\/maun-gerontoloji-bolumu.com\/index.php?rest_route=\/wp\/v2\/pages\/790\/revisions"}],"predecessor-version":[{"id":1197,"href":"http:\/\/maun-gerontoloji-bolumu.com\/index.php?rest_route=\/wp\/v2\/pages\/790\/revisions\/1197"}],"wp:attachment":[{"href":"http:\/\/maun-gerontoloji-bolumu.com\/index.php?rest_route=%2Fwp%2Fv2%2Fmedia&parent=790"}],"curies":[{"name":"wp","href":"https:\/\/api.w.org\/{rel}","templated":true}]}}