{"id":563,"date":"2025-04-06T22:36:05","date_gmt":"2025-04-06T19:36:05","guid":{"rendered":"http:\/\/maun-gerontoloji-bolumu.com\/?page_id=563"},"modified":"2025-04-08T23:38:54","modified_gmt":"2025-04-08T20:38:54","slug":"yaslanmanin-felsefesi","status":"publish","type":"page","link":"http:\/\/maun-gerontoloji-bolumu.com\/?page_id=563","title":{"rendered":"Ya\u015flanman\u0131n Felsefesi"},"content":{"rendered":"\n<div class=\"wp-block-columns alignwide is-layout-flex wp-container-core-columns-is-layout-0b577f17 wp-block-columns-is-layout-flex\" style=\"padding-top:0;padding-right:0;padding-bottom:0;padding-left:0\">\n<div class=\"wp-block-column is-vertically-aligned-center is-layout-flow wp-block-column-is-layout-flow\">\n<p class=\"has-text-align-left has-accent-color has-text-color has-link-color has-small-font-size wp-elements-75480a36357c8196bc67f78ba3429883\" style=\"font-style:normal;font-weight:600;text-transform:uppercase\">ANT\u0130K \u00c7A\u011eDAN G\u00dcN\u00dcM\u00dcZE<\/p>\n\n\n\n<h2 class=\"wp-block-heading\">Ya\u015flanma ve Ya\u015fl\u0131l\u0131k \u00dczerine Filozofik Yakla\u015f\u0131mlar <\/h2>\n\n\n\n<p>Ya\u015flanma ve ya\u015fl\u0131l\u0131k felsefesi, insan varolu\u015funun ve \u00f6l\u00fcm\u00fcn anla\u015f\u0131lmaz alanlar\u0131ndan ka\u00e7\u0131namaz. Varolu\u015fu in\u015fa eden belirsizlik ve ek yorumlar, daha ileriki ya\u015famda ortaya \u00e7\u0131kan son derece ki\u015fisel sorulara art\u0131k e\u015flik etmelidir. Nereden &#8211; hangi karanl\u0131k k\u00f6kenden ve deneyimden geliyorum? Nereye, hangi e\u015flik eden ko\u015fullar alt\u0131nda gidiyorum? Hayat\u0131m\u0131 nas\u0131l yorumluyorum, kendimi nas\u0131l anl\u0131yorum &#8211; kendimi anlad\u0131\u011f\u0131m kadar\u0131yla &#8211; ve \u00f6ng\u00f6r\u00fclebilir bir \u00f6l\u00fcmden \u00f6nceki \u00f6ng\u00f6r\u00fclebilir, giderek k\u0131salan bir hayatta benim i\u00e7in ne \u00f6nemli olacak? (Rosenmayr, 2004). <\/p>\n<\/div>\n\n\n\n<div class=\"wp-block-column is-layout-flow wp-block-column-is-layout-flow\" style=\"flex-basis:40%\">\n<figure class=\"wp-block-image size-full has-custom-border is-style-default\"><img loading=\"lazy\" decoding=\"async\" width=\"480\" height=\"640\" src=\"http:\/\/maun-gerontoloji-bolumu.com\/wp-content\/uploads\/2025\/04\/baum-5871616_640.jpg\" alt=\"\" class=\"wp-image-430\" style=\"border-radius:8px;aspect-ratio:1;object-fit:cover\" srcset=\"http:\/\/maun-gerontoloji-bolumu.com\/wp-content\/uploads\/2025\/04\/baum-5871616_640.jpg 480w, http:\/\/maun-gerontoloji-bolumu.com\/wp-content\/uploads\/2025\/04\/baum-5871616_640-225x300.jpg 225w\" sizes=\"auto, (max-width: 480px) 100vw, 480px\" \/><\/figure>\n<\/div>\n<\/div>\n","protected":false},"excerpt":{"rendered":"<p>ANT\u0130K \u00c7A\u011eDAN G\u00dcN\u00dcM\u00dcZE Ya\u015flanma ve Ya\u015fl\u0131l\u0131k \u00dczerine Filozofik Yakla\u015f\u0131mlar Ya\u015flanma ve ya\u015fl\u0131l\u0131k felsefesi, insan varolu\u015funun ve \u00f6l\u00fcm\u00fcn anla\u015f\u0131lmaz alanlar\u0131ndan ka\u00e7\u0131namaz. Varolu\u015fu in\u015fa eden belirsizlik ve ek yorumlar, daha ileriki ya\u015famda ortaya \u00e7\u0131kan son derece ki\u015fisel sorulara art\u0131k e\u015flik etmelidir. Nereden &#8211; hangi karanl\u0131k k\u00f6kenden ve deneyimden geliyorum? Nereye, hangi e\u015flik [&hellip;]<\/p>\n","protected":false},"author":1,"featured_media":0,"parent":0,"menu_order":0,"comment_status":"closed","ping_status":"closed","template":"","meta":{"_themeisle_gutenberg_block_has_review":false,"footnotes":""},"class_list":["post-563","page","type-page","status-publish","hentry"],"_links":{"self":[{"href":"http:\/\/maun-gerontoloji-bolumu.com\/index.php?rest_route=\/wp\/v2\/pages\/563","targetHints":{"allow":["GET"]}}],"collection":[{"href":"http:\/\/maun-gerontoloji-bolumu.com\/index.php?rest_route=\/wp\/v2\/pages"}],"about":[{"href":"http:\/\/maun-gerontoloji-bolumu.com\/index.php?rest_route=\/wp\/v2\/types\/page"}],"author":[{"embeddable":true,"href":"http:\/\/maun-gerontoloji-bolumu.com\/index.php?rest_route=\/wp\/v2\/users\/1"}],"replies":[{"embeddable":true,"href":"http:\/\/maun-gerontoloji-bolumu.com\/index.php?rest_route=%2Fwp%2Fv2%2Fcomments&post=563"}],"version-history":[{"count":7,"href":"http:\/\/maun-gerontoloji-bolumu.com\/index.php?rest_route=\/wp\/v2\/pages\/563\/revisions"}],"predecessor-version":[{"id":1031,"href":"http:\/\/maun-gerontoloji-bolumu.com\/index.php?rest_route=\/wp\/v2\/pages\/563\/revisions\/1031"}],"wp:attachment":[{"href":"http:\/\/maun-gerontoloji-bolumu.com\/index.php?rest_route=%2Fwp%2Fv2%2Fmedia&parent=563"}],"curies":[{"name":"wp","href":"https:\/\/api.w.org\/{rel}","templated":true}]}}