{"id":544,"date":"2025-04-06T22:17:08","date_gmt":"2025-04-06T19:17:08","guid":{"rendered":"http:\/\/maun-gerontoloji-bolumu.com\/?page_id=544"},"modified":"2025-04-13T03:42:52","modified_gmt":"2025-04-13T00:42:52","slug":"yaslikta-cevre-ve-yasam-durumu","status":"publish","type":"page","link":"http:\/\/maun-gerontoloji-bolumu.com\/?page_id=544","title":{"rendered":"Ya\u015fl\u0131kta \u00c7evre ve Ya\u015fam Durumu"},"content":{"rendered":"\n<div class=\"wp-block-columns alignwide is-layout-flex wp-container-core-columns-is-layout-0b577f17 wp-block-columns-is-layout-flex\" style=\"padding-top:0;padding-right:0;padding-bottom:0;padding-left:0\">\n<div class=\"wp-block-column is-vertically-aligned-center is-layout-flow wp-block-column-is-layout-flow\">\n<p class=\"has-text-align-left has-accent-color has-text-color has-link-color has-small-font-size wp-elements-1a062dfd181faa854d877beb1511ef45\" style=\"font-style:normal;font-weight:600;text-transform:uppercase\">Birey, Toplum ve K\u00fclt\u00fcr Ba\u011flant\u0131lar\u0131<\/p>\n\n\n\n<h2 class=\"wp-block-heading\">Ya\u015fl\u0131l\u0131kta \u00c7evrenin Ya\u015fam Durumuna Etkileri<\/h2>\n\n\n\n<p>Ekolojik gerontolojinin temel anlay\u0131\u015f\u0131na g\u00f6re ya\u015fl\u0131 insanlar\u0131n mek\u00e2nsal \u00e7evreleri ele al\u0131nmaktad\u0131r. Ayr\u0131ca, bug\u00fcn\u00fcn &#8211; ve hatta yar\u0131n\u0131n &#8211; ya\u015flanmas\u0131n\u0131 anlamak i\u00e7in, hem konut gibi dar ya\u015fam alan\u0131nda hem de konut \u00e7evresinde veya yerel\/b\u00f6lgesel ba\u011flamda giderek daha fazla rol oynayan \u00e7evrenin teknikle\u015fmesi gibi yeni y\u00f6nleri dahil etmek \u00f6nemlidir. Ayr\u0131ca mek\u00e2nsal ortamlar hi\u00e7bir zaman sosyal ortamlardan ayr\u0131 d\u00fc\u015f\u00fcn\u00fclemez, \u00e7\u00fcnk\u00fc her zaman toplumsal ve k\u00fclt\u00fcrel olarak &#8220;y\u00fckl\u00fcd\u00fcrler&#8221; ve en \u00f6nemlisi, sosyal ili\u015fkilerin geli\u015ftirilmesi ve s\u00fcrd\u00fcr\u00fclmesi i\u00e7in de ya\u015fl\u0131lara mekanlar sunarlar (Mollenkopf vd., 2004). <\/p>\n<\/div>\n\n\n\n<div class=\"wp-block-column is-layout-flow wp-block-column-is-layout-flow\" style=\"flex-basis:40%\">\n<figure class=\"wp-block-image size-full has-custom-border is-style-default\"><img loading=\"lazy\" decoding=\"async\" width=\"640\" height=\"427\" src=\"http:\/\/maun-gerontoloji-bolumu.com\/wp-content\/uploads\/2025\/04\/retiree-7390179_640.jpg\" alt=\"\" class=\"wp-image-475\" style=\"border-radius:8px;aspect-ratio:1;object-fit:cover\" srcset=\"http:\/\/maun-gerontoloji-bolumu.com\/wp-content\/uploads\/2025\/04\/retiree-7390179_640.jpg 640w, http:\/\/maun-gerontoloji-bolumu.com\/wp-content\/uploads\/2025\/04\/retiree-7390179_640-300x200.jpg 300w, http:\/\/maun-gerontoloji-bolumu.com\/wp-content\/uploads\/2025\/04\/retiree-7390179_640-360x240.jpg 360w\" sizes=\"auto, (max-width: 640px) 100vw, 640px\" \/><\/figure>\n<\/div>\n<\/div>\n","protected":false},"excerpt":{"rendered":"<p>Birey, Toplum ve K\u00fclt\u00fcr Ba\u011flant\u0131lar\u0131 Ya\u015fl\u0131l\u0131kta \u00c7evrenin Ya\u015fam Durumuna Etkileri Ekolojik gerontolojinin temel anlay\u0131\u015f\u0131na g\u00f6re ya\u015fl\u0131 insanlar\u0131n mek\u00e2nsal \u00e7evreleri ele al\u0131nmaktad\u0131r. Ayr\u0131ca, bug\u00fcn\u00fcn &#8211; ve hatta yar\u0131n\u0131n &#8211; ya\u015flanmas\u0131n\u0131 anlamak i\u00e7in, hem konut gibi dar ya\u015fam alan\u0131nda hem de konut \u00e7evresinde veya yerel\/b\u00f6lgesel ba\u011flamda giderek daha fazla rol oynayan \u00e7evrenin [&hellip;]<\/p>\n","protected":false},"author":1,"featured_media":0,"parent":0,"menu_order":0,"comment_status":"closed","ping_status":"closed","template":"","meta":{"_themeisle_gutenberg_block_has_review":false,"footnotes":""},"class_list":["post-544","page","type-page","status-publish","hentry"],"_links":{"self":[{"href":"http:\/\/maun-gerontoloji-bolumu.com\/index.php?rest_route=\/wp\/v2\/pages\/544","targetHints":{"allow":["GET"]}}],"collection":[{"href":"http:\/\/maun-gerontoloji-bolumu.com\/index.php?rest_route=\/wp\/v2\/pages"}],"about":[{"href":"http:\/\/maun-gerontoloji-bolumu.com\/index.php?rest_route=\/wp\/v2\/types\/page"}],"author":[{"embeddable":true,"href":"http:\/\/maun-gerontoloji-bolumu.com\/index.php?rest_route=\/wp\/v2\/users\/1"}],"replies":[{"embeddable":true,"href":"http:\/\/maun-gerontoloji-bolumu.com\/index.php?rest_route=%2Fwp%2Fv2%2Fcomments&post=544"}],"version-history":[{"count":7,"href":"http:\/\/maun-gerontoloji-bolumu.com\/index.php?rest_route=\/wp\/v2\/pages\/544\/revisions"}],"predecessor-version":[{"id":1201,"href":"http:\/\/maun-gerontoloji-bolumu.com\/index.php?rest_route=\/wp\/v2\/pages\/544\/revisions\/1201"}],"wp:attachment":[{"href":"http:\/\/maun-gerontoloji-bolumu.com\/index.php?rest_route=%2Fwp%2Fv2%2Fmedia&parent=544"}],"curies":[{"name":"wp","href":"https:\/\/api.w.org\/{rel}","templated":true}]}}